 a factor of 20532?
True
Is 654364 a multiple of 184?
False
Is 4922133 a multiple of 1801?
True
Is 3041567 a multiple of 431?
True
Does 93 divide 653790?
True
Is 478655 a multiple of 75?
False
Is 72540 a multiple of 248?
False
Does 78 divide 9048?
True
Does 52 divide 1571712?
False
Is 14 a factor of 736358?
True
Does 4 divide 1404088?
True
Is 198 a factor of 63896?
False
Does 1064 divide 3044104?
True
Is 919289 a multiple of 228?
False
Is 313775 a multiple of 35?
True
Does 48 divide 555024?
True
Does 6 divide 1201928?
False
Is 19 a factor of 4047741?
True
Does 676 divide 164944?
True
Does 7 divide 113203?
False
Is 5 a factor of 3530882?
False
Is 95 a factor of 150860?
True
Is 35 a factor of 25375?
True
Is 24 a factor of 265516?
False
Is 19 a factor of 8844?
False
Does 560 divide 2343072?
False
Is 254 a factor of 980825?
False
Does 16 divide 368352?
True
Is 83457 a multiple of 33?
True
Does 58 divide 33005?
False
Is 14 a factor of 990514?
True
Does 18 divide 13662594?
True
Is 28 a factor of 6527943?
False
Is 32 a factor of 153664?
True
Is 2000695 a multiple of 65?
False
Does 101 divide 1487299?
False
Is 11 a factor of 1060534?
False
Is 17 a factor of 134475?
False
Does 215 divide 161035?
True
Is 32732 a multiple of 104?
False
Is 245 a factor of 3185?
True
Is 340631 a multiple of 124?
False
Does 8 divide 65744?
True
Is 132200 a multiple of 38?
False
Is 13 a factor of 2485335?
False
Does 312 divide 448032?
True
Is 5 a factor of 2400?
True
Does 269 divide 2721204?
True
Is 1676429 a multiple of 467?
False
Does 21 divide 174573?
True
Is 60 a factor of 231120?
True
Does 28 divide 5415816?
True
Does 34 divide 2246846?
False
Is 50 a factor of 17020?
False
Is 259 a factor of 23828?
True
Is 1664 a factor of 4171765?
False
Does 38 divide 3179?
False
Is 1087993 a multiple of 29?
True
Is 8 a factor of 314166?
False
Does 972 divide 1721143?
False
Is 10 a factor of 17714?
False
Does 20 divide 1217680?
True
Does 237 divide 953214?
True
Is 17 a factor of 50439?
True
Is 17 a factor of 12274?
True
Is 122 a factor of 68156?
False
Does 22 divide 835956?
True
Is 477 a factor of 14752163?
False
Does 45 divide 74734?
False
Is 9280 a multiple of 49?
False
Is 54 a factor of 461616?
False
Is 333 a factor of 289183?
False
Is 96272 a multiple of 7?
False
Does 22 divide 233787?
False
Does 7 divide 49245?
True
Is 5958 a multiple of 19?
False
Is 112 a factor of 356717?
False
Is 13 a factor of 285415?
True
Does 12 divide 1195208?
False
Is 41 a factor of 796015?
True
Is 10895787 a multiple of 29?
False
Is 560 a factor of 352240?
True
Does 354 divide 572064?
True
Does 182 divide 22017380?
False
Is 71 a factor of 20164?
True
Is 397800 a multiple of 442?
True
Is 318 a factor of 525520?
False
Is 245442 a multiple of 19?
True
Does 10 divide 65120?
True
Is 354 a factor of 4085800?
False
Is 53856 a multiple of 40?
False
Is 46429 a multiple of 223?
False
Is 7187128 a multiple of 58?
True
Does 18 divide 203976?
True
Is 37 a factor of 3095161?
True
Is 39 a factor of 1203859?
False
Is 27 a factor of 12986488?
False
Does 521 divide 1083666?
False
Is 596148 a multiple of 121?
False
Is 39 a factor of 35139?
True
Is 4796473 a multiple of 40?
False
Is 5636478 a multiple of 46?
False
Is 26 a factor of 3885102?
True
Is 501624 a multiple of 72?
True
Is 1584723 a multiple of 475?
False
Is 25886 a multiple of 14?
True
Is 10724 a multiple of 14?
True
Does 292 divide 3685411?
False
Is 300135 a multiple of 321?
True
Is 40 a factor of 3218160?
True
Is 7 a factor of 526169?
True
Is 15 a factor of 1035422?
False
Is 270999 a multiple of 15?
False
Is 60897 a multiple of 105?
False
Does 99 divide 16145019?
True
Does 57 divide 4890679?
False
Is 14 a factor of 623042?
True
Is 68658 a multiple of 130?
False
Does 287 divide 179375?
True
Is 19 a factor of 1379704?
True
Is 18 a factor of 10965906?
True
Is 100532 a multiple of 82?
True
Is 6402242 a multiple of 14?
True
Does 1466 divide 16659624?
True
Is 1456380 a multiple of 9?
True
Is 492 a factor of 3664908?
True
Is 3495792 a multiple of 67?
True
Does 214 divide 2656916?
False
Is 183775 a multiple of 111?
False
Is 71 a factor of 433952?
True
Is 754 a factor of 530816?
True
Is 854 a factor of 2030579?
False
Does 25 divide 459396?
False
Is 4087980 a multiple of 13?
True
Is 144 a factor of 56675?
False
Does 267 divide 507567?
True
Is 9129 a multiple of 5?
False
Does 21 divide 2562?
True
Is 10373327 a multiple of 64?
False
Is 13 a factor of 1609556?
True
Is 1882 a multiple of 112?
False
Does 99 divide 26532?
True
Does 275 divide 183150?
True
Is 707101 a multiple of 44?
False
Is 298 a factor of 298280?
False
Does 5 divide 11124?
False
Is 87 a factor of 5188506?
True
Is 19 a factor of 939174?
False
Does 15 divide 1350810?
True
Is 4222662 a multiple of 221?
False
Is 391524 a multiple of 237?
True
Does 75 divide 262825?
False
Is 162194 a multiple of 277?
False
Does 53 divide 207256?
False
Is 260266 a multiple of 179?
True
Is 39 a factor of 396755?
False
Is 29 a factor of 133400?
True
Is 358428 a multiple of 357?
True
Does 200 divide 433200?
True
Is 4344277 a multiple of 225?
False
Is 49192 a multiple of 43?
True
Is 183060 a multiple of 12?
True
Does 57 divide 1121156?
False
Does 64 divide 57600?
True
Does 17 divide 3563132?
True
Does 22 divide 2662044?
True
Is 11 a factor of 6938591?
True
Is 489 a factor of 1156485?
True
Does 143 divide 53053?
True
Is 1171830 a multiple of 15?
True
Is 32032 a multiple of 11?
True
Does 4 divide 40523?
False
Is 1176243 a multiple of 23?
True
Does 16 divide 290967?
False
Is 1895850 a multiple of 281?
False
Is 161710 a multiple of 206?
True
Is 659 a factor of 10508414?
True
Does 106 divide 259784?
False
Is 38822 a multiple of 61?
False
Does 336 divide 424368?
True
Does 23 divide 6187?
True
Does 121 divide 33523266?
False
Is 42 a factor of 184800?
True
Is 95406 a multiple of 11?
False
Is 37 a factor of 3787431?
True
Is 5187878 a multiple of 14?
False
Is 4349233 a multiple of 19?
True
Is 65653 a multiple of 13?
False
Is 5 a factor of 144996?
False
Is 3437 a multiple of 44?
False
Is 1592770 a multiple of 415?
True
Does 212 divide 151442?
False
Is 10895492 a multiple of 34?
False
Does 115 divide 196416?
False
Does 12 divide 1632210?
False
Is 2423808 a multiple of 72?
True
Is 471 a factor of 1171926?
False
Does 16 divide 600976?
True
Does 153 divide 645813?
True
Does 158 divide 4189251?
False
Is 10 a factor of 24550?
True
Does 65 divide 143065?
True
Is 5491918 a multiple of 34?
True
Is 175208 a multiple of 44?
True
Is 9 a factor of 622332?
True
Does 5 divide 89866?
False
Is 135300 a multiple of 15?
True
Does 9 divide 92808?
True
Is 1168 a factor of 8420112?
True
Is 116774 a multiple of 15?
False
Is 7520034 a multiple of 93?
False
Is 11787520 a multiple of 64?
True
Is 499752 a multiple of 7?
False
Is 2015402 a multiple of 580?
False
Is 198 a factor of 93654?
True
Is 2234498 a multiple of 98?
True
Is 20 a factor of 165401?
False
Is 14 a factor of 262766?
True
Is 7192605 a multiple of 7?
True
Is 351 a factor of 5690187?
False
Is 121 a factor of 4567270?
False
Is 683059 a multiple of 13?
True
Does 382 divide 222923?
False
Is 381077 a multiple of 38?
False
Does 10 divide 1487750?
True
Does 597 divide 1887438?
False
Is 475695 a multiple of 9?
True
Does 128 divide 998219?
False
Is 47218 a multiple of 235?
False
Is 5654537 a multiple of 16?
False
Does 7 divide 131383?
True
Is 213 a factor of 20169?
False
Is 3370464 a multiple of 36?
True
Is 73 a factor of 165564?
True
Does 177 divide 200480?
False
Does 396 divide 264924?
True
Does 9 divide 84150?
True
Is 402984 a multiple of 18?
True
Is 2380772 a multiple of 142?
True
Is 1450689 a multiple of 369?
False
Is 13 a factor of 24328889?
True
Does 2 divide 857368?
True
Is 12860620 a multiple of 61?
False
Is 858565 a multiple of 7?
False
Is 28 a factor of 197260?
True
Is 9918 a multiple of 2?
True
Is 142628 a multiple of 30?
False
Is 178 a factor of 1733364?
True
Is 1171589 a multiple of 379?
False
Is 67 a factor of 879720?
False
Does 2599 divide 18769978?
True
Is 13 a factor of 1112956?
True
Does 10 divide 38700?
True
Is 1043210 a multiple of 70?
True
Does 9 divide 1882917?
True
Is 65445 a multiple of 202?
False
Is 309576 a multiple of 56?
False
Is 14 a factor of 12953678?
False
Is 45 a factor of 133065?
